{"id":231,"date":"2022-03-21T04:16:28","date_gmt":"2022-03-21T04:16:28","guid":{"rendered":"https:\/\/shtheme.com\/demosd\/nowarch\/?page_id=231"},"modified":"2025-09-30T07:54:58","modified_gmt":"2025-09-30T05:54:58","slug":"contacto-arquitectos-ibiza","status":"publish","type":"page","link":"https:\/\/mgagarquitectos.com\/website\/contacto-arquitectos-ibiza\/","title":{"rendered":"Contacto"},"content":{"rendered":"\t\t<div data-elementor-type=\"wp-page\" data-elementor-id=\"231\" class=\"elementor elementor-231\">\n\t\t\t\t\t\t<section class=\"has_eae_slider elementor-section elementor-top-section elementor-element elementor-element-3b6c52c elementor-section-full_width elementor-section-height-default elementor-section-height-default exad-glass-effect-no exad-sticky-section-no\" data-id=\"3b6c52c\" data-element_type=\"section\">\n\t\t\t\t\t\t<div class=\"elementor-container elementor-column-gap-no\">\n\t\t\t\t\t<div class=\"has_eae_slider elementor-column elementor-col-100 elementor-top-column elementor-element elementor-element-0ddefb5 exad-glass-effect-no exad-sticky-section-no\" data-id=\"0ddefb5\" data-element_type=\"column\">\n\t\t\t<div class=\"elementor-widget-wrap elementor-element-populated\">\n\t\t\t\t\t\t<div class=\"elementor-element elementor-element-8a0a702 elementor-align-left exad-sticky-section-no exad-glass-effect-no elementor-widget elementor-widget-pages-contact\" data-id=\"8a0a702\" data-element_type=\"widget\" data-widget_type=\"pages-contact.default\">\n\t\t\t\t<div class=\"elementor-widget-container\">\n\t\t\t\t\t\r\n\t\t\t\t\t<section class=\"banner-header banner-img section-padding valign bg-img bg-fixed\" data-overlay-darkgray=\"2\" data-background=\"https:\/\/shtheme.com\/demosd\/nowarch\/wp-content\/uploads\/2022\/01\/11.jpg\"><\/section>\r\n\t\t        <!-- Contact section -->\r\n        <section class=\"contact section-padding2\">\r\n            <div class=\"container\">\r\n                <div class=\"row\">\r\n                    <div class=\"col-md-12\">\r\n                        \t\t\t\t\t\t\t<div class=\"section-subtitle\">DONDE ESTAMOS<\/div>\r\n\t\t\t\t\t\t\t\t\t\t\t\t\t\t\t\t\t\t\t<div class=\"section-title\">CONT\u00c1CTANOS<\/div>\r\n\t\t\t\t\t\t                    <\/div>\r\n                <\/div>\r\n                <div class=\"row\"> \r\n                    <div class=\"col-md-6 mb-90\">\r\n                    \t                        <p>Agradecemos que te hayas puesto en contacto con nosotros, Cu\u00e9ntanos qu\u00e9 podemos hacer por ti. Si no recibes respuesta en 24 horas, por favor cont\u00e1ctanos directamente por correo electr\u00f3nico o tel\u00e9fono.<\/p>\r\n                                                <ul class=\"list-unstyled contact-list\">\r\n                        \t                        \t\t<li>\r\n                        \t\t\t                        \t\t\t\t<div class=\"icon\"><span class=\"ti-email\"><\/span><\/div>\r\n                        \t\t\t                        \t\t\t                        \t\t\t\t<div class=\"text\">\r\n                        \t\t\t\t\t<p><a href=\"mailto:andres@mgagarquitectos.com\">andres@mgagarquitectos.com<\/a><\/p>\r\n                        \t\t\t\t<\/div>\r\n                        \t\t\t                        \t\t<\/li>\r\n                        \t                        \t\t<li>\r\n                        \t\t\t                        \t\t\t\t<div class=\"icon\"><span class=\"ti-email\"><\/span><\/div>\r\n                        \t\t\t                        \t\t\t                        \t\t\t\t<div class=\"text\">\r\n                        \t\t\t\t\t<p><a href=\"mailtomiguel@mgagarquitectos.com\">miguel@mgagarquitectos.com<\/a><\/p>\r\n                        \t\t\t\t<\/div>\r\n                        \t\t\t                        \t\t<\/li>\r\n                        \t                        \t\t<li>\r\n                        \t\t\t                        \t\t\t\t<div class=\"icon\"><span class=\"ti-location-pin\"><\/span><\/div>\r\n                        \t\t\t                        \t\t\t                        \t\t\t\t<div class=\"text\">\r\n                        \t\t\t\t\t<p>Calle historiador Joan Mari Cardona 6. Bajo derecha 2. 7800 Ibiza<\/p>\r\n                        \t\t\t\t<\/div>\r\n                        \t\t\t                        \t\t<\/li>\r\n                        \t                    \t<\/ul>\r\n                    <\/div>\r\n                    <div class=\"col-md-4 offset-md-2 mb-90\">\r\n                    \t                        <h5>CONTACTAR<\/h5>\r\n                                                                        \n<div class=\"wpcf7 no-js\" id=\"wpcf7-f7-o1\" lang=\"en-US\" dir=\"ltr\" data-wpcf7-id=\"7\">\n<div class=\"screen-reader-response\"><p role=\"status\" aria-live=\"polite\" aria-atomic=\"true\"><\/p> <ul><\/ul><\/div>\n<form action=\"\/website\/wp-json\/wp\/v2\/pages\/231#wpcf7-f7-o1\" method=\"post\" class=\"wpcf7-form init\" aria-label=\"Contact form\" novalidate=\"novalidate\" data-status=\"init\">\n<div style=\"display: none;\">\n<input type=\"hidden\" name=\"_wpcf7\" value=\"7\" \/>\n<input type=\"hidden\" name=\"_wpcf7_version\" value=\"6.0.4\" \/>\n<input type=\"hidden\" name=\"_wpcf7_locale\" value=\"en_US\" \/>\n<input type=\"hidden\" name=\"_wpcf7_unit_tag\" value=\"wpcf7-f7-o1\" \/>\n<input type=\"hidden\" name=\"_wpcf7_container_post\" value=\"0\" \/>\n<input type=\"hidden\" name=\"_wpcf7_posted_data_hash\" value=\"\" \/>\n<\/div>\n<div class=\"row\">\n\t<div class=\"col-md-12\">\n\t\t<p><span class=\"wpcf7-form-control-wrap\" data-name=\"your-name\"><input size=\"40\" maxlength=\"400\" class=\"wpcf7-form-control wpcf7-text\" aria-invalid=\"false\" placeholder=\"Nombre completo *\" value=\"\" type=\"text\" name=\"your-name\" \/><\/span>\n\t\t<\/p>\n\t<\/div>\n\t<div class=\"col-md-12\">\n\t\t<p><span class=\"wpcf7-form-control-wrap\" data-name=\"your-email\"><input size=\"40\" maxlength=\"400\" class=\"wpcf7-form-control wpcf7-email wpcf7-validates-as-required wpcf7-text wpcf7-validates-as-email\" aria-required=\"true\" aria-invalid=\"false\" placeholder=\"Email *\" value=\"\" type=\"email\" name=\"your-email\" \/><\/span>\n\t\t<\/p>\n\t<\/div>\n\t<div class=\"col-md-12\">\n\t\t<p><span class=\"wpcf7-form-control-wrap\" data-name=\"your-message\"><textarea cols=\"40\" rows=\"10\" maxlength=\"2000\" class=\"wpcf7-form-control wpcf7-textarea\" id=\"message\" aria-invalid=\"false\" placeholder=\"Mensaje\" name=\"your-message\"><\/textarea><\/span>\n\t\t<\/p>\n\t<\/div>\n\t<div class=\"col-md-12 mt-20\">\n\t\t<div class=\"butn-dark\">\n\t\t\t<p><input class=\"wpcf7-form-control wpcf7-submit has-spinner\" type=\"submit\" value=\"Enviar\" \/>\n\t\t\t<\/p>\n\t\t<\/div>\n\t<\/div>\n<\/div><div class=\"wpcf7-response-output\" aria-hidden=\"true\"><\/div>\n<\/form>\n<\/div>\n                                            <\/div>\r\n                <\/div>\r\n                                <div class=\"row\">\r\n                    <div class=\"col-md-12\">\r\n                        <iframe src=\"https:\/\/www.google.com\/maps\/embed?pb=!1m16!1m12!1m3!1d12416.779136064199!2d1.430090275233346!3d38.919525192268814!2m3!1f0!2f0!3f0!3m2!1i1024!2i768!4f13.1!2m1!1sCalle%20historiador%20Joan%20Mari%20Cardona%206.%20Bajo%20derecha%202.%207800%20Ibiza!5e0!3m2!1ses!2ses!4v1737387335085!5m2!1ses!2ses\" width=\"400\" height=\"600\" style=\"border:0;\" allowfullscreen=\"\" loading=\"lazy\" referrerpolicy=\"no-referrer-when-downgrade\"&gt;\" width=\"100%\" height=\"550\" style=\"border:0;\" allowfullscreen=\"\" loading=\"lazy\"><\/iframe>\r\n                    <\/div>\r\n                <\/div>\r\n                            <\/div>\r\n        <\/section>\r\n\r\n\t\t\t\t\t<\/div>\n\t\t\t\t<\/div>\n\t\t\t\t\t<\/div>\n\t\t<\/div>\n\t\t\t\t\t<\/div>\n\t\t<\/section>\n\t\t\t\t<\/div>\n\t\t","protected":false},"excerpt":{"rendered":"<p>DONDE ESTAMOS CONT\u00c1CTANOSAgradecemos que te hayas puesto en contacto con nosotros, Cu\u00e9ntanos qu\u00e9 podemos hacer por ti. Si no recibes respuesta en 24 horas, por favor cont\u00e1ctanos directamente por correo electr\u00f3nico o tel\u00e9fono. andres@mgagarquitectos.com miguel@mgagarquitectos.com Calle historiador Joan Mari Cardona 6. Bajo derecha 2. 7800 Ibiza CONTACTAR<\/p>\n","protected":false},"author":8,"featured_media":0,"parent":0,"menu_order":0,"comment_status":"closed","ping_status":"closed","template":"page-templates\/home-sidebar-template.php","meta":{"inline_featured_image":false,"footnotes":""},"class_list":["post-231","page","type-page","status-publish","hentry"],"_links":{"self":[{"href":"https:\/\/mgagarquitectos.com\/website\/wp-json\/wp\/v2\/pages\/231","targetHints":{"allow":["GET"]}}],"collection":[{"href":"https:\/\/mgagarquitectos.com\/website\/wp-json\/wp\/v2\/pages"}],"about":[{"href":"https:\/\/mgagarquitectos.com\/website\/wp-json\/wp\/v2\/types\/page"}],"author":[{"embeddable":true,"href":"https:\/\/mgagarquitectos.com\/website\/wp-json\/wp\/v2\/users\/8"}],"replies":[{"embeddable":true,"href":"https:\/\/mgagarquitectos.com\/website\/wp-json\/wp\/v2\/comments?post=231"}],"version-history":[{"count":8,"href":"https:\/\/mgagarquitectos.com\/website\/wp-json\/wp\/v2\/pages\/231\/revisions"}],"predecessor-version":[{"id":12525,"href":"https:\/\/mgagarquitectos.com\/website\/wp-json\/wp\/v2\/pages\/231\/revisions\/12525"}],"wp:attachment":[{"href":"https:\/\/mgagarquitectos.com\/website\/wp-json\/wp\/v2\/media?parent=231"}],"curies":[{"name":"wp","href":"https:\/\/api.w.org\/{rel}","templated":true}]}}

<div data-elementor-type="wp-page" data-elementor-id="231" class="elementor elementor-231">
						<section class="has_eae_slider elementor-section elementor-top-section elementor-element elementor-element-3b6c52c elementor-section-full_width elementor-section-height-default elementor-section-height-default exad-glass-effect-no exad-sticky-section-no" data-id="3b6c52c" data-element_type="section">
						<div class="elementor-container elementor-column-gap-no">
					<div class="has_eae_slider elementor-column elementor-col-100 elementor-top-column elementor-element elementor-element-0ddefb5 exad-glass-effect-no exad-sticky-section-no" data-id="0ddefb5" data-element_type="column">
			<div class="elementor-widget-wrap elementor-element-populated">
						<div class="elementor-element elementor-element-8a0a702 elementor-align-left exad-sticky-section-no exad-glass-effect-no elementor-widget elementor-widget-pages-contact" data-id="8a0a702" data-element_type="widget" data-widget_type="pages-contact.default">
				<div class="elementor-widget-container">
					
					<section class="banner-header banner-img section-padding valign bg-img bg-fixed" data-overlay-darkgray="2" data-background="https://shtheme.com/demosd/nowarch/wp-content/uploads/2022/01/11.jpg"></section>
		        <!-- Contact section -->
        <section class="contact section-padding2">
            <div class="container">
                <div class="row">
                    <div class="col-md-12">
                        							<div class="section-subtitle">DONDE ESTAMOS</div>
																			<div class="section-title">CONTÁCTANOS</div>
						                    </div>
                </div>
                <div class="row"> 
                    <div class="col-md-6 mb-90">
                    	                        <p>Agradecemos que te hayas puesto en contacto con nosotros, Cuéntanos qué podemos hacer por ti. Si no recibes respuesta en 24 horas, por favor contáctanos directamente por correo electrónico o teléfono.</p>
                                                <ul class="list-unstyled contact-list">
                        	                        		<li>
                        			                        				<div class="icon"><span class="ti-email"></span></div>
                        			                        			                        				<div class="text">
                        					<p><a href="mailto:andres@mgagarquitectos.com">andres@mgagarquitectos.com</a></p>
                        				</div>
                        			                        		</li>
                        	                        		<li>
                        			                        				<div class="icon"><span class="ti-email"></span></div>
                        			                        			                        				<div class="text">
                        					<p><a href="mailtomiguel@mgagarquitectos.com">miguel@mgagarquitectos.com</a></p>
                        				</div>
                        			                        		</li>
                        	                        		<li>
                        			                        				<div class="icon"><span class="ti-location-pin"></span></div>
                        			                        			                        				<div class="text">
                        					<p>Calle historiador Joan Mari Cardona 6. Bajo derecha 2. 7800 Ibiza</p>
                        				</div>
                        			                        		</li>
                        	                    	</ul>
                    </div>
                    <div class="col-md-4 offset-md-2 mb-90">
                    	                        <h5>CONTACTAR</h5>
                                                                        
<div class="wpcf7 no-js" id="wpcf7-f7-o1" lang="en-US" dir="ltr" data-wpcf7-id="7">
<div class="screen-reader-response"><p role="status" aria-live="polite" aria-atomic="true"></p> <ul></ul></div>
<form action="/website/wp-json/wp/v2/pages/231#wpcf7-f7-o1" method="post" class="wpcf7-form init" aria-label="Contact form" novalidate="novalidate" data-status="init">
<div style="display: none;">
<input type="hidden" name="_wpcf7" value="7" />
<input type="hidden" name="_wpcf7_version" value="6.0.4" />
<input type="hidden" name="_wpcf7_locale" value="en_US" />
<input type="hidden" name="_wpcf7_unit_tag" value="wpcf7-f7-o1" />
<input type="hidden" name="_wpcf7_container_post" value="0" />
<input type="hidden" name="_wpcf7_posted_data_hash" value="" />
</div>
<div class="row">
	<div class="col-md-12">
		<p><span class="wpcf7-form-control-wrap" data-name="your-name"><input size="40" maxlength="400" class="wpcf7-form-control wpcf7-text" aria-invalid="false" placeholder="Nombre completo *" value="" type="text" name="your-name" /></span>
		</p>
	</div>
	<div class="col-md-12">
		<p><span class="wpcf7-form-control-wrap" data-name="your-email"><input size="40" maxlength="400" class="wpcf7-form-control wpcf7-email wpcf7-validates-as-required wpcf7-text wpcf7-validates-as-email" aria-required="true" aria-invalid="false" placeholder="Email *" value="" type="email" name="your-email" /></span>
		</p>
	</div>
	<div class="col-md-12">
		<p><span class="wpcf7-form-control-wrap" data-name="your-message"><textarea cols="40" rows="10" maxlength="2000" class="wpcf7-form-control wpcf7-textarea" id="message" aria-invalid="false" placeholder="Mensaje" name="your-message"></textarea></span>
		</p>
	</div>
	<div class="col-md-12 mt-20">
		<div class="butn-dark">
			<p><input class="wpcf7-form-control wpcf7-submit has-spinner" type="submit" value="Enviar" />
			</p>
		</div>
	</div>
</div><div class="wpcf7-response-output" aria-hidden="true"></div>
</form>
</div>
                                            </div>
                </div>
                                <div class="row">
                    <div class="col-md-12">
                        <iframe src="https://www.google.com/maps/embed?pb=!1m16!1m12!1m3!1d12416.779136064199!2d1.430090275233346!3d38.919525192268814!2m3!1f0!2f0!3f0!3m2!1i1024!2i768!4f13.1!2m1!1sCalle%20historiador%20Joan%20Mari%20Cardona%206.%20Bajo%20derecha%202.%207800%20Ibiza!5e0!3m2!1ses!2ses!4v1737387335085!5m2!1ses!2ses" width="400" height="600" style="border:0;" allowfullscreen="" loading="lazy" referrerpolicy="no-referrer-when-downgrade"&gt;" width="100%" height="550" style="border:0;" allowfullscreen="" loading="lazy"></iframe>
                    </div>
                </div>
                            </div>
        </section>

					</div>
				</div>
					</div>
		</div>
					</div>
		</section>
				</div>

<p>DONDE ESTAMOS CONTÁCTANOSAgradecemos que te hayas puesto en contacto con nosotros, Cuéntanos qué podemos hacer por ti. Si no recibes respuesta en 24 horas, por favor contáctanos directamente por correo electrónico o teléfono. andres@mgagarquitectos.com miguel@mgagarquitectos.com Calle historiador Joan Mari Cardona 6. Bajo derecha 2. 7800 Ibiza CONTACTAR</p>
